{"id":2067,"date":"2016-04-07T07:42:39","date_gmt":"2016-04-07T07:42:39","guid":{"rendered":"https:\/\/motors.stylemixthemes.com\/elementor-classified-one\/?page_id=2067"},"modified":"2025-12-08T12:41:51","modified_gmt":"2025-12-08T11:41:51","slug":"o-nama","status":"publish","type":"page","link":"https:\/\/www.magazinauto.com\/polovniautomobili\/o-nama\/","title":{"rendered":"O nama"},"content":{"rendered":"\t\t<div data-elementor-type=\"wp-page\" data-elementor-id=\"2067\" class=\"elementor elementor-2067\" data-elementor-post-type=\"page\">\n\t\t\t\t\t\t<section class=\"elementor-section elementor-top-section elementor-element elementor-element-51f601c elementor-section-full_width elementor-section-height-default elementor-section-height-default\" data-id=\"51f601c\" data-element_type=\"section\" data-e-type=\"section\">\n\t\t\t\t\t\t<div class=\"elementor-container elementor-column-gap-default\">\n\t\t\t\t\t<div class=\"elementor-column elementor-col-50 elementor-top-column elementor-element elementor-element-4c2cbd2\" data-id=\"4c2cbd2\" data-element_type=\"column\" data-e-type=\"column\">\n\t\t\t<div class=\"elementor-widget-wrap elementor-element-populated\">\n\t\t\t\t\t\t<div class=\"elementor-element elementor-element-5a7e7ec elementor-widget elementor-widget-motors-single-listing-classified-title\" data-id=\"5a7e7ec\" data-element_type=\"widget\" data-e-type=\"widget\" data-widget_type=\"motors-single-listing-classified-title.default\">\n\t\t\t\t<div class=\"elementor-widget-container\">\n\t\t\t\t\t\n<div class=\"stm-listing-single-price-title heading-font clearfix\">\n\t<div class=\"stm-single-title-wrap\">\n\t\t<h1 class=\"title\">\n\t\t\tO nama\t\t<\/h1>\n\t\t\t<\/div>\n<\/div>\n\t\t\t\t<\/div>\n\t\t\t\t<\/div>\n\t\t\t\t<div class=\"elementor-element elementor-element-1f7fe68 elementor-widget elementor-widget-text-editor\" data-id=\"1f7fe68\" data-element_type=\"widget\" data-e-type=\"widget\" data-widget_type=\"text-editor.default\">\n\t\t\t\t<div class=\"elementor-widget-container\">\n\t\t\t\t\t\t\t\t\t<h3>MARKETING<\/h3><p>Sajt <a href=\"https:\/\/www.magazinauto.com\/polovniautomobili\">magazinauto.com<\/a>\/<a href=\"https:\/\/www.magazinauto.com\/\">polovniautomobili<\/a> je internet sajt namenjen je za reklamiranje i ogla\u0161avanje fizi\u010dkih i pravnih lica. Osim objavljivanje oglasa za prodaju, kupovinu ili razmenu vozila, opreme, delova i ostalih roba i usluga, kao i tekstualnih PR sadr\u017eaja, na sajtu je mogu\u0107e objavljivanje i klasi\u010dnih reklamnih poruka \u2013 banera. Pozicije, dimenzije i cene za objavljivanje mo\u017eete pogledati na slici.<\/p><p>Na\u0161i stalni ogla\u0161iva\u010di su prakti\u010dno sve automobilske kompanije koje rade na tr\u017ei\u0161tu Srbije (Kia, \u0160koda, Mercedes, Audi, VW, Toyota, Ford, Suzuki, i tako dalje), zatim proizvo\u0111a\u010da opreme i mnoge druge renomirane marke.<\/p>\t\t\t\t\t\t\t\t<\/div>\n\t\t\t\t<\/div>\n\t\t\t\t\t<\/div>\n\t\t<\/div>\n\t\t\t\t<div class=\"elementor-column elementor-col-50 elementor-top-column elementor-element elementor-element-db52b58\" data-id=\"db52b58\" data-element_type=\"column\" data-e-type=\"column\">\n\t\t\t<div class=\"elementor-widget-wrap elementor-element-populated\">\n\t\t\t\t\t\t<div class=\"elementor-element elementor-element-9fadec5 elementor-widget elementor-widget-image\" data-id=\"9fadec5\" data-element_type=\"widget\" data-e-type=\"widget\" data-widget_type=\"image.default\">\n\t\t\t\t<div class=\"elementor-widget-container\">\n\t\t\t\t\t\t\t\t\t\t\t\t\t\t\t<img fetchpriority=\"high\" decoding=\"async\" width=\"1024\" height=\"683\" src=\"https:\/\/www.magazinauto.com\/polovniautomobili\/wp-content\/uploads\/2025\/08\/IMG-6106-1040x694-1-1024x683.jpg\" class=\"attachment-large size-large wp-image-109466\" alt=\"\" srcset=\"https:\/\/www.magazinauto.com\/polovniautomobili\/wp-content\/uploads\/2025\/08\/IMG-6106-1040x694-1-1024x683.jpg 1024w, https:\/\/www.magazinauto.com\/polovniautomobili\/wp-content\/uploads\/2025\/08\/IMG-6106-1040x694-1-800x534.jpg 800w, https:\/\/www.magazinauto.com\/polovniautomobili\/wp-content\/uploads\/2025\/08\/IMG-6106-1040x694-1-150x100.jpg 150w, https:\/\/www.magazinauto.com\/polovniautomobili\/wp-content\/uploads\/2025\/08\/IMG-6106-1040x694-1-255x170.jpg 255w, https:\/\/www.magazinauto.com\/polovniautomobili\/wp-content\/uploads\/2025\/08\/IMG-6106-1040x694-1-510x340.jpg 510w, https:\/\/www.magazinauto.com\/polovniautomobili\/wp-content\/uploads\/2025\/08\/IMG-6106-1040x694-1-280x187.jpg 280w, https:\/\/www.magazinauto.com\/polovniautomobili\/wp-content\/uploads\/2025\/08\/IMG-6106-1040x694-1-560x374.jpg 560w, https:\/\/www.magazinauto.com\/polovniautomobili\/wp-content\/uploads\/2025\/08\/IMG-6106-1040x694-1-350x234.jpg 350w, https:\/\/www.magazinauto.com\/polovniautomobili\/wp-content\/uploads\/2025\/08\/IMG-6106-1040x694-1-700x467.jpg 700w, https:\/\/www.magazinauto.com\/polovniautomobili\/wp-content\/uploads\/2025\/08\/IMG-6106-1040x694-1-398x266.jpg 398w, https:\/\/www.magazinauto.com\/polovniautomobili\/wp-content\/uploads\/2025\/08\/IMG-6106-1040x694-1-796x531.jpg 796w, https:\/\/www.magazinauto.com\/polovniautomobili\/wp-content\/uploads\/2025\/08\/IMG-6106-1040x694-1-600x400.jpg 600w, https:\/\/www.magazinauto.com\/polovniautomobili\/wp-content\/uploads\/2025\/08\/IMG-6106-1040x694-1.jpg 1040w\" sizes=\"(max-width: 1024px) 100vw, 1024px\" \/>\t\t\t\t\t\t\t\t\t\t\t\t\t\t\t<\/div>\n\t\t\t\t<\/div>\n\t\t\t\t\t<\/div>\n\t\t<\/div>\n\t\t\t\t\t<\/div>\n\t\t<\/section>\n\t\t\t\t<section class=\"elementor-section elementor-top-section elementor-element elementor-element-89359a9 elementor-section-full_width elementor-section-height-default elementor-section-height-default\" data-id=\"89359a9\" data-element_type=\"section\" data-e-type=\"section\">\n\t\t\t\t\t\t<div class=\"elementor-container elementor-column-gap-default\">\n\t\t\t\t\t<div class=\"elementor-column elementor-col-50 elementor-top-column elementor-element elementor-element-0283819\" data-id=\"0283819\" data-element_type=\"column\" data-e-type=\"column\">\n\t\t\t<div class=\"elementor-widget-wrap elementor-element-populated\">\n\t\t\t\t\t\t<div class=\"elementor-element elementor-element-0c2b075 elementor-widget elementor-widget-text-editor\" data-id=\"0c2b075\" data-element_type=\"widget\" data-e-type=\"widget\" data-widget_type=\"text-editor.default\">\n\t\t\t\t<div class=\"elementor-widget-container\">\n\t\t\t\t\t\t\t\t\t<h3>ZA\u0160TO MARKETING INTERNETU?<\/h3><p>Reklamiranje na internetu zna\u010di non-stop dostupnost i vidljivost \u00a024 sata dnevno, 365 dana godi\u0161nje, bez geografskih granica! Ulaganje u reklamu na internetu predstavlja investiciju visoke ekonomi\u010dnosti. Reklama na internetu je finansijski mnogo povoljnija od reklama na ostalim elektronskim medijima (TV, radio). Internet reklama ima veliku efikasnost i zbog na\u010dina na koji se plasira, jer je reklama u obliku banera stalno prisutna pred o\u010dima posetilaca internet strane na najuo\u010dljivijoj poziciji.<\/p><p>Za dodatne informacije o ogla\u0161avanju i postavljanju reklamnih banera na na\u0161em sajtu, mo\u017eete nam se javiti i slanjem elektronske po\u0161te.\u00a0<\/p><p>Popunite formular sa pitanjem i automatski ga po\u0161aljite na na\u0161u adresu, a mi \u0107emo vam poslati odgovor u najkra\u0107em roku.<\/p><p>Molimo vas da nam se javite u slu\u010daju bilo kakvih nejasno\u0107a, potrebnih informacija ili problema.<\/p>\t\t\t\t\t\t\t\t<\/div>\n\t\t\t\t<\/div>\n\t\t\t\t\t<\/div>\n\t\t<\/div>\n\t\t\t\t<div class=\"elementor-column elementor-col-50 elementor-top-column elementor-element elementor-element-7532aff\" data-id=\"7532aff\" data-element_type=\"column\" data-e-type=\"column\">\n\t\t\t<div class=\"elementor-widget-wrap elementor-element-populated\">\n\t\t\t\t\t\t<div class=\"elementor-element elementor-element-9ef364b elementor-widget elementor-widget-image\" data-id=\"9ef364b\" data-element_type=\"widget\" data-e-type=\"widget\" data-widget_type=\"image.default\">\n\t\t\t\t<div class=\"elementor-widget-container\">\n\t\t\t\t\t\t\t\t\t\t\t\t\t\t\t<img decoding=\"async\" src=\"https:\/\/www.magazinauto.com\/polovniautomobili\/wp-content\/uploads\/2016\/04\/post-id-2027-ydaeR-1.jpg\" alt=\"motors_placeholder\" loading=\"lazy\" \/>\t\t\t\t\t\t\t\t\t\t\t\t\t\t\t<\/div>\n\t\t\t\t<\/div>\n\t\t\t\t\t<\/div>\n\t\t<\/div>\n\t\t\t\t\t<\/div>\n\t\t<\/section>\n\t\t\t\t<section class=\"elementor-section elementor-top-section elementor-element elementor-element-ff408f9 elementor-section-full_width elementor-section-height-default elementor-section-height-default\" data-id=\"ff408f9\" data-element_type=\"section\" data-e-type=\"section\">\n\t\t\t\t\t\t<div class=\"elementor-container elementor-column-gap-default\">\n\t\t\t\t\t<div class=\"elementor-column elementor-col-100 elementor-top-column elementor-element elementor-element-39393f3\" data-id=\"39393f3\" data-element_type=\"column\" data-e-type=\"column\">\n\t\t\t<div class=\"elementor-widget-wrap elementor-element-populated\">\n\t\t\t\t\t\t<div class=\"elementor-element elementor-element-2f0fac9 elementor-widget elementor-widget-heading\" data-id=\"2f0fac9\" data-element_type=\"widget\" data-e-type=\"widget\" data-widget_type=\"heading.default\">\n\t\t\t\t<div class=\"elementor-widget-container\">\n\t\t\t\t\t<h3 class=\"elementor-heading-title elementor-size-default\">POMO\u0106I \u0106EMO VAM, LAKO JE<\/h3>\t\t\t\t<\/div>\n\t\t\t\t<\/div>\n\t\t\t\t<div class=\"elementor-element elementor-element-547ace1 elementor-widget elementor-widget-stm-accordion\" data-id=\"547ace1\" data-element_type=\"widget\" data-e-type=\"widget\" data-widget_type=\"stm-accordion.default\">\n\t\t\t\t<div class=\"elementor-widget-container\">\n\t\t\t\t\t\t<div class=\"stm-elementor-accordion\">\n\t\t<div class=\"stm-elementor-accordion-container\">\n\t\t\t<div class=\"stm-elementor-panels-container\">\n\t\t\t\t\t\t\t\t\t<div class=\"stm-elementor-panel active\">\n\t\t\t\t\t\t<div class=\"stm-elementor-panel-heading\" data-heading=\"panel-0\">\n\t\t\t\t\t\t\t<h4 class=\"stm-elementor-panel-title\">\n\t\t\t\t\t\t\t\t\t\t\t\t\t\t\t\t\t\t<i class=\"stm-elementor-panel-icon stmicon- stm-icon-car_sale\"><\/i>\n\t\t\t\t\t\t\t\t\t\t\t\t\t\t\t\t\t\t\t<span class=\"panel-title-text\">\n\t\t\t\t\t\t\t\t\t\u017delite da prodate vozilo, motocikl ili opremu?\t\t\t\t\t\t\t\t<\/span>\n\t\t\t\t\t\t\t\t<i class=\"stm-elementor-panel-control-icon-chevron fas fa-chevron-down\"><\/i>\n\t\t\t\t\t\t\t<\/h4>\n\t\t\t\t\t\t<\/div>\n\t\t\t\t\t\t<div class=\"stm-elementor-panel-body\" data-content=\"panel-0\" style=\"display: block;\">\n\t\t\t\t\t\t\t<div class=\"stm-elementor-panel-content\">\n\t\t\t\t\t\t\t\t<div class=\"panel-content-wrap\">\n\t\t\t\t\t\t\t\t\t<p>Jednostavno postavite mali oglas i unesite sve potrebne podatke.\u00a0 Registrujte se i prijavite se, i potpuno besplatno postavite svoj mali oglas za prodaju vozila, motocikala ili retervnih delova i opreme.<\/p>\t\t\t\t\t\t\t\t<\/div>\n\t\t\t\t\t\t\t<\/div>\n\t\t\t\t\t\t<\/div>\n\t\t\t\t\t<\/div>\n\t\t\t\t\t\t\t\t\t<div class=\"stm-elementor-panel \">\n\t\t\t\t\t\t<div class=\"stm-elementor-panel-heading\" data-heading=\"panel-1\">\n\t\t\t\t\t\t\t<h4 class=\"stm-elementor-panel-title\">\n\t\t\t\t\t\t\t\t\t\t\t\t\t\t\t\t\t\t<i class=\"stm-elementor-panel-icon stmicon- stm-icon-key\"><\/i>\n\t\t\t\t\t\t\t\t\t\t\t\t\t\t\t\t\t\t\t<span class=\"panel-title-text\">\n\t\t\t\t\t\t\t\t\tTra\u017eite automobil, motocikl ili delove i opremu?\t\t\t\t\t\t\t\t<\/span>\n\t\t\t\t\t\t\t\t<i class=\"stm-elementor-panel-control-icon-chevron fas fa-chevron-down\"><\/i>\n\t\t\t\t\t\t\t<\/h4>\n\t\t\t\t\t\t<\/div>\n\t\t\t\t\t\t<div class=\"stm-elementor-panel-body\" data-content=\"panel-1\" >\n\t\t\t\t\t\t\t<div class=\"stm-elementor-panel-content\">\n\t\t\t\t\t\t\t\t<div class=\"panel-content-wrap\">\n\t\t\t\t\t\t\t\t\t<div id=\"1445577012778-7f50c834-615e\" class=\"vc_tta-panel vc_active\" data-vc-content=\".vc_tta-panel-body\"><div class=\"vc_tta-panel-body\"><div class=\"wpb_text_column wpb_content_element \"><div class=\"wpb_wrapper\"><p>Neki na\u0161i ogla\u0161iva\u010di prodaju vozila koja su proverena i sa mehani\u010dke i sa pravne strane, ili se automobili isporu\u010duju potpuno registrovani i sa svim ispunjenim zahtevima.\u00a0<\/p><\/div><\/div><\/div><\/div>\t\t\t\t\t\t\t\t<\/div>\n\t\t\t\t\t\t\t<\/div>\n\t\t\t\t\t\t<\/div>\n\t\t\t\t\t<\/div>\n\t\t\t\t\t\t\t\t\t<div class=\"stm-elementor-panel \">\n\t\t\t\t\t\t<div class=\"stm-elementor-panel-heading\" data-heading=\"panel-2\">\n\t\t\t\t\t\t\t<h4 class=\"stm-elementor-panel-title\">\n\t\t\t\t\t\t\t\t\t\t\t\t\t\t\t\t\t\t<i class=\"stm-elementor-panel-icon stmicon- stm-icon-gear\"><\/i>\n\t\t\t\t\t\t\t\t\t\t\t\t\t\t\t\t\t\t\t<span class=\"panel-title-text\">\n\t\t\t\t\t\t\t\t\tKako da postavite oglas?\t\t\t\t\t\t\t\t<\/span>\n\t\t\t\t\t\t\t\t<i class=\"stm-elementor-panel-control-icon-chevron fas fa-chevron-down\"><\/i>\n\t\t\t\t\t\t\t<\/h4>\n\t\t\t\t\t\t<\/div>\n\t\t\t\t\t\t<div class=\"stm-elementor-panel-body\" data-content=\"panel-2\" >\n\t\t\t\t\t\t\t<div class=\"stm-elementor-panel-content\">\n\t\t\t\t\t\t\t\t<div class=\"panel-content-wrap\">\n\t\t\t\t\t\t\t\t\t<p>Da biste postavili oglas morate se registrovati i napraviti nalog za na\u0161 sajt. \u00a0Za to \u0107e vam biti neophodna adresa e-po\u0161te, potom idite na stranicu 'Moj profil':<\/p><p><a href=\"https:\/\/www.magazinauto.com\/polovniautomobili\/prijavaregistracija\/\">https:\/\/www.magazinauto.com\/polovniautomobili\/prijavaregistracija\/<\/a><\/p><p>Kada se \u00a0registrujtete dovoljno je samo da se prijavite i ulogujete na sajt uno\u0161enjem svoje adrese e-po\u0161te ili korisni\u010dkog imena i lozinke.\u00a0<\/p><p>Ukoliko koristite desktop ra\u010dunar, dugme za postavku oglasa se nalazi u desnom gornjem uglu i kliknite na 'Postavi oglas', odnosno link <a href=\"https:\/\/www.magazinauto.com\/polovniautomobili\/postavi-oglas\/\">Postavi oglas \u2013 Polovni automobili<\/a>.\u00a0<\/p><p>Ako sajtu pristupate preko mobilnog telefona potrebno je da klikente na padaju\u0107i meni koji se nalazi sa desne strane ekrana i izaberete opciju \u2019Postavi oglas\u2019.<\/p><p>Zatim izaberite kategoriju u kojoj \u017eelite da postavite oglas i pratite dalja uputstva vezana za postavku oglasa. Sva polja ozna\u010dena zvezdicom su polja koje je obavezno popuniti:<\/p><p><a href=\"https:\/\/www.magazinauto.com\/polovniautomobili\/postavi-oglas\/\">https:\/\/www.magazinauto.com\/polovniautomobili\/postavi-oglas\/<\/a><\/p><p>Ukoliko vam je potrebna dodatna pomo\u0107, molimo vas da nam po\u0161aljte e-poruku na adresu:<\/p><p><a href=\"mailto:polovniautomobili@magazinauto.com\" target=\"_blank\" rel=\"noopener\">polovniautomobili@magazinauto.<\/a><a href=\"mailto:polovniautomobili@magazinauto.com\" target=\"_blank\" rel=\"noopener\">com<\/a><\/p><p><strong>Detaljnije: <a href=\"https:\/\/www.magazinauto.com\/polovniautomobili\/pomoc\/\">Pomo\u0107 \u2013 Polovni automobili powered by Auto magazin<\/a><\/strong><\/p>\t\t\t\t\t\t\t\t<\/div>\n\t\t\t\t\t\t\t<\/div>\n\t\t\t\t\t\t<\/div>\n\t\t\t\t\t<\/div>\n\t\t\t\t\t\t\t<\/div>\n\t\t<\/div>\n\t<\/div>\n\t\t\t\t\t<\/div>\n\t\t\t\t<\/div>\n\t\t\t\t\t<\/div>\n\t\t<\/div>\n\t\t\t\t\t<\/div>\n\t\t<\/section>\n\t\t\t\t<section class=\"elementor-section elementor-top-section elementor-element elementor-element-a73bd16 elementor-section-full_width elementor-section-stretched elementor-section-height-default elementor-section-height-default\" data-id=\"a73bd16\" data-element_type=\"section\" data-e-type=\"section\" data-settings=\"{&quot;stretch_section&quot;:&quot;section-stretched&quot;}\">\n\t\t\t\t\t\t\t<div class=\"elementor-background-overlay\"><\/div>\n\t\t\t\t\t\t\t<div class=\"elementor-container elementor-column-gap-default\">\n\t\t\t\t\t<div class=\"elementor-column elementor-col-100 elementor-top-column elementor-element elementor-element-9aa43c1\" data-id=\"9aa43c1\" data-element_type=\"column\" data-e-type=\"column\">\n\t\t\t<div class=\"elementor-widget-wrap elementor-element-populated\">\n\t\t\t\t\t\t<div class=\"elementor-element elementor-element-67a7d6b elementor-nav-menu__align-center elementor-nav-menu--dropdown-none elementor-widget elementor-widget-nav-menu\" data-id=\"67a7d6b\" data-element_type=\"widget\" data-e-type=\"widget\" data-settings=\"{&quot;layout&quot;:&quot;horizontal&quot;,&quot;submenu_icon&quot;:{&quot;value&quot;:&quot;&lt;i class=\\&quot;fas fa-caret-down\\&quot; aria-hidden=\\&quot;true\\&quot;&gt;&lt;\\\/i&gt;&quot;,&quot;library&quot;:&quot;fa-solid&quot;}}\" data-widget_type=\"nav-menu.default\">\n\t\t\t\t<div class=\"elementor-widget-container\">\n\t\t\t\t\t\t\t\t<nav aria-label=\"Izbornik\" class=\"elementor-nav-menu--main elementor-nav-menu__container elementor-nav-menu--layout-horizontal e--pointer-underline e--animation-fade\">\n\t\t\t\t<ul id=\"menu-1-67a7d6b\" class=\"elementor-nav-menu\"><li class=\"menu-item menu-item-type-post_type menu-item-object-page menu-item-115792\"><a href=\"https:\/\/www.magazinauto.com\/polovniautomobili\/marketing-i-oglasavanje\/\" class=\"elementor-item\">Marketing i ogla\u0161avanje<\/a><\/li>\n<li class=\"menu-item menu-item-type-post_type menu-item-object-page menu-item-112874\"><a href=\"https:\/\/www.magazinauto.com\/polovniautomobili\/pomoc\/\" class=\"elementor-item\">Pomo\u0107<\/a><\/li>\n<li class=\"menu-item menu-item-type-post_type menu-item-object-page menu-item-112872\"><a href=\"https:\/\/www.magazinauto.com\/polovniautomobili\/o-nama\/\" class=\"elementor-item\">O nama<\/a><\/li>\n<li class=\"menu-item menu-item-type-post_type menu-item-object-page menu-item-115791\"><a href=\"https:\/\/www.magazinauto.com\/polovniautomobili\/contact-us\/\" class=\"elementor-item\">Kontakt<\/a><\/li>\n<li class=\"menu-item menu-item-type-post_type menu-item-object-page menu-item-privacy-policy menu-item-112897\"><a rel=\"privacy-policy\" href=\"https:\/\/www.magazinauto.com\/polovniautomobili\/pravila-koriscenja-2\/\" class=\"elementor-item\">Pravila kori\u0161\u0107enja<\/a><\/li>\n<\/ul>\t\t\t<\/nav>\n\t\t\t\t\t\t<nav class=\"elementor-nav-menu--dropdown elementor-nav-menu__container\" aria-hidden=\"true\">\n\t\t\t\t<ul id=\"menu-2-67a7d6b\" class=\"elementor-nav-menu\"><li class=\"menu-item menu-item-type-post_type menu-item-object-page menu-item-115792\"><a href=\"https:\/\/www.magazinauto.com\/polovniautomobili\/marketing-i-oglasavanje\/\" class=\"elementor-item\" tabindex=\"-1\">Marketing i ogla\u0161avanje<\/a><\/li>\n<li class=\"menu-item menu-item-type-post_type menu-item-object-page menu-item-112874\"><a href=\"https:\/\/www.magazinauto.com\/polovniautomobili\/pomoc\/\" class=\"elementor-item\" tabindex=\"-1\">Pomo\u0107<\/a><\/li>\n<li class=\"menu-item menu-item-type-post_type menu-item-object-page menu-item-112872\"><a href=\"https:\/\/www.magazinauto.com\/polovniautomobili\/o-nama\/\" class=\"elementor-item\" tabindex=\"-1\">O nama<\/a><\/li>\n<li class=\"menu-item menu-item-type-post_type menu-item-object-page menu-item-115791\"><a href=\"https:\/\/www.magazinauto.com\/polovniautomobili\/contact-us\/\" class=\"elementor-item\" tabindex=\"-1\">Kontakt<\/a><\/li>\n<li class=\"menu-item menu-item-type-post_type menu-item-object-page menu-item-privacy-policy menu-item-112897\"><a rel=\"privacy-policy\" href=\"https:\/\/www.magazinauto.com\/polovniautomobili\/pravila-koriscenja-2\/\" class=\"elementor-item\" tabindex=\"-1\">Pravila kori\u0161\u0107enja<\/a><\/li>\n<\/ul>\t\t\t<\/nav>\n\t\t\t\t\t\t<\/div>\n\t\t\t\t<\/div>\n\t\t\t\t\t<\/div>\n\t\t<\/div>\n\t\t\t\t\t<\/div>\n\t\t<\/section>\n\t\t\t\t<section class=\"elementor-section elementor-top-section elementor-element elementor-element-cec95ec elementor-section-full_width elementor-section-stretched elementor-section-height-default elementor-section-height-default\" data-id=\"cec95ec\" data-element_type=\"section\" data-e-type=\"section\" data-settings=\"{&quot;stretch_section&quot;:&quot;section-stretched&quot;}\">\n\t\t\t\t\t\t\t<div class=\"elementor-background-overlay\"><\/div>\n\t\t\t\t\t\t\t<div class=\"elementor-container elementor-column-gap-default\">\n\t\t\t\t\t<div class=\"elementor-column elementor-col-100 elementor-top-column elementor-element elementor-element-345bf06\" data-id=\"345bf06\" data-element_type=\"column\" data-e-type=\"column\">\n\t\t\t<div class=\"elementor-widget-wrap elementor-element-populated\">\n\t\t\t\t\t\t<div class=\"elementor-element elementor-element-4dfa276 elementor-widget elementor-widget-text-editor\" data-id=\"4dfa276\" data-element_type=\"widget\" data-e-type=\"widget\" data-widget_type=\"text-editor.default\">\n\t\t\t\t<div class=\"elementor-widget-container\">\n\t\t\t\t\t\t\t\t\t<div style=\"line-height: 0.5;\"><h3><span style=\"color: #ffffff;\">Auto Magazin Group<\/span><\/h3><p><span style=\"color: #ffffff;\">Polovni automobili Powered by Auto magazin<\/span><\/p><p><span style=\"color: #ffffff;\">Copyright \u00a9 2026<\/span><\/p><\/div>\t\t\t\t\t\t\t\t<\/div>\n\t\t\t\t<\/div>\n\t\t\t\t\t<\/div>\n\t\t<\/div>\n\t\t\t\t\t<\/div>\n\t\t<\/section>\n\t\t\t\t<\/div>\n\t\t","protected":false},"excerpt":{"rendered":"<p>O nama MARKETING Sajt magazinauto.com\/polovniautomobili je internet sajt namenjen je za reklamiranje i ogla\u0161avanje fizi\u010dkih i pravnih lica. Osim objavljivanje oglasa za prodaju, kupovinu ili razmenu vozila, opreme, delova i ostalih roba i usluga, kao i tekstualnih PR sadr\u017eaja, na sajtu je mogu\u0107e objavljivanje i klasi\u010dnih reklamnih poruka \u2013 banera. Pozicije, dimenzije i cene za&#8230;<\/p>\n","protected":false},"author":6,"featured_media":0,"parent":0,"menu_order":0,"comment_status":"closed","ping_status":"closed","template":"","meta":{"footnotes":""},"class_list":["post-2067","page","type-page","status-publish","hentry"],"_links":{"self":[{"href":"https:\/\/www.magazinauto.com\/polovniautomobili\/wp-json\/wp\/v2\/pages\/2067","targetHints":{"allow":["GET"]}}],"collection":[{"href":"https:\/\/www.magazinauto.com\/polovniautomobili\/wp-json\/wp\/v2\/pages"}],"about":[{"href":"https:\/\/www.magazinauto.com\/polovniautomobili\/wp-json\/wp\/v2\/types\/page"}],"author":[{"embeddable":true,"href":"https:\/\/www.magazinauto.com\/polovniautomobili\/wp-json\/wp\/v2\/users\/6"}],"replies":[{"embeddable":true,"href":"https:\/\/www.magazinauto.com\/polovniautomobili\/wp-json\/wp\/v2\/comments?post=2067"}],"version-history":[{"count":0,"href":"https:\/\/www.magazinauto.com\/polovniautomobili\/wp-json\/wp\/v2\/pages\/2067\/revisions"}],"wp:attachment":[{"href":"https:\/\/www.magazinauto.com\/polovniautomobili\/wp-json\/wp\/v2\/media?parent=2067"}],"curies":[{"name":"wp","href":"https:\/\/api.w.org\/{rel}","templated":true}]}}